{"id":7,"date":"2024-04-23T12:01:42","date_gmt":"2024-04-23T12:01:42","guid":{"rendered":"https:\/\/jobunio.hu\/index.php\/price-table\/"},"modified":"2024-04-23T12:14:39","modified_gmt":"2024-04-23T12:14:39","slug":"price-table","status":"publish","type":"page","link":"https:\/\/jobunio.hu\/index.php\/price-table\/","title":{"rendered":"\u00c1rt\u00e1bl\u00e1zat"},"content":{"rendered":"<div class=\"bootstrap-wrapper \">\r\n\t<div class=\"container \">\r\n\t\t<div class=\"row\">\r\n\t\t\t\t\t\t\r\n\t\t\t<\/div>\r\n\t\t<\/div>\t\r\n\t<\/div>\t\r\n\t\n","protected":false},"excerpt":{"rendered":"","protected":false},"author":1,"featured_media":0,"parent":0,"menu_order":0,"comment_status":"closed","ping_status":"closed","template":"","meta":{"footnotes":""},"class_list":["post-7","page","type-page","status-publish","hentry"],"_links":{"self":[{"href":"https:\/\/jobunio.hu\/index.php\/wp-json\/wp\/v2\/pages\/7","targetHints":{"allow":["GET"]}}],"collection":[{"href":"https:\/\/jobunio.hu\/index.php\/wp-json\/wp\/v2\/pages"}],"about":[{"href":"https:\/\/jobunio.hu\/index.php\/wp-json\/wp\/v2\/types\/page"}],"author":[{"embeddable":true,"href":"https:\/\/jobunio.hu\/index.php\/wp-json\/wp\/v2\/users\/1"}],"replies":[{"embeddable":true,"href":"https:\/\/jobunio.hu\/index.php\/wp-json\/wp\/v2\/comments?post=7"}],"version-history":[{"count":1,"href":"https:\/\/jobunio.hu\/index.php\/wp-json\/wp\/v2\/pages\/7\/revisions"}],"predecessor-version":[{"id":32,"href":"https:\/\/jobunio.hu\/index.php\/wp-json\/wp\/v2\/pages\/7\/revisions\/32"}],"wp:attachment":[{"href":"https:\/\/jobunio.hu\/index.php\/wp-json\/wp\/v2\/media?parent=7"}],"curies":[{"name":"wp","href":"https:\/\/api.w.org\/{rel}","templated":true}]}}